*o, 4*c + 4*o - 133 - s = 0. What are the prime factors of c?
2, 3, 5
Let d = 37 - 128. What are the prime factors of (d + 3)/(2 + -3)?
2, 11
Let s(x) = x**2 - 11*x - 14. Let m be s(-14). Suppose -224 = -4*i + m. What are the prime factors of i?
2, 5, 7
Let b(f) = -4*f - 4. Let m be b(-3). Suppose 3*g + m - 2 = 0, -3*k + 138 = 3*g. What are the prime factors of k?
2, 3
Let u = -29 - -6. Let j be (-70)/9 - (-10)/(-45). Let s = j - u. List the prime factors of s.
3, 5
Let z = 929 + -511. List the prime factors of z.
2, 11, 19
Let m(l) = l**3 + 2*l**2 + 2*l - 80. Let n be m(0). Let k = 107 - n. What are the prime factors of k?
11, 17
Let u be (-10)/(18/(-4) - -4). List the prime factors of 7/((18/(-27))/(u/(-6))).
5, 7
Let l = 0 + 5. Suppose 11*c - l*c = 30. Suppose -12 = -c*g + 18. List the prime factors of g.
2, 3
Let s(o) = o**3 + 11*o**2 + 12*o + 6. Let b be s(-10). Let g(w) = 10*w - 10. Let j be g(b). What are the prime factors of (j/6)/(-1 - 0)?
5
Suppose 327 = a - 2*b, -3*a + 0*a = -5*b - 981. List the prime factors of a.
3, 109
Let q = -3 + 20. Let n = q + -14. Suppose 2*u - 33 - 5 = n*w, -4*u - 4*w = -96. What are the prime factors of u?
2, 11
Suppose 2*t = 5*m - 187, 143 = 4*m + t + 4*t. List the prime factors of m.
37
Let i be (-1)/(-2)*2*(3 - -130). Suppose -3*w - i = -679. List the prime factors of w.
2, 7, 13
Suppose 7*i - 3420 - 3524 = 0. What are the prime factors of i?
2, 31
Suppose -2*j + 2*k = 4*k - 1068, -2*j + 3*k = -1088. List the prime factors of j.
2, 269
Suppose -4*m + 106 - 30 = 0. Let j = m + 76. What are the prime factors of j?
5, 19
Suppose -4*i + 52 - 28 = 0. Suppose i*x = -22 + 424. List the prime factors of x.
67
Let q = 1276 - 1941. What are the prime factors of 4 - (q/10 - 1/2)?
71
What are the prime factors of 347 - ((0 + -1)/(-1) + 0)?
2, 173
Suppose -75*l + 4413 = -72*l. What are the prime factors of l?
1471
Suppose 4*z + 96 = 6*z - 5*b, 88 = 2*z - b. Let n = -87 + z. Let d = 1 - n. List the prime factors of d.
3, 5
Let k(b) = -2*b + 10. Let w(p) = p - 3*p + 4 - 3 + 3*p. Let f(t) = -k(t) + 5*w(t). List the prime factors of f(4).
23
Let a be -3*((-8)/6 - 2). Suppose 0 = 2*x + 2 - a. Let p(h) = 8*h - 10. What are the prime factors of p(x)?
2, 11
Let h = 132 - 129. Suppose h*d = 2*d - n + 76, -2*d = -2*n - 148. List the prime factors of d.
3, 5
Let w(m) = 11*m**3 - 4*m**2 - 4*m + 9. Let x(o) = 32*o**3 - 11*o**2 - 12*o + 26. Let f(d) = -17*w(d) + 6*x(d). List the prime factors of f(2).
43
Suppose -5*s = 3*i - s - 3, -4*i + s = 15. Let p = -2 - i. List the prime factors of p/2 - 295/(-10).
2, 3, 5
Suppose -4*w - 20 = -9*w. Suppose 0 = -h - 2*q, 4*q = -5*h + 2 + w. Suppose 69 = u + h*u. What are the prime factors of u?
23
Let z be (-17 + 4)*(0 - 1). Suppose z = 5*s - 0*p - 3*p, -3*s - 1 = -4*p. Suppose s*w - q = -40 + 255, 3*q = 0. List the prime factors of w.
43
Suppose -3*h = 2*h + 2*u - 16, 0 = -5*u - 10. Let c be (h - 16/(-6))*12. Let z = c - 45. What are the prime factors of z?
5, 7
Suppose -5*r = -3*k + 810 - 8167, 2*r = -4*k + 2922. List the prime factors of r.
13, 113
Let d(o) = 390*o - 7. What are the prime factors of d(2)?
773
Let y(b) = 2*b**2. Let u be y(2). Let z = 7 + u. Suppose 3 - z = 3*q, -4*h = 4*q - 116. List the prime factors of h.
3, 11
Let o = 528 - 48. What are the prime factors of o?
2, 3, 5
Suppose -26*f + 36 = -32*f. Suppose 2*o = l - 74, -3*o + 0*l - 116 = l. What are the prime factors of (-12)/(-18) + o/f?
7
Suppose -156 + 88 = -4*h. Suppose 0 = -7*q + 4*q. Suppose 0 = -q*s - s + h. List the prime factors of s.
17
Let j(u) be the second derivative of -3*u + u**3 + 0 + 13/2*u**2. What are the prime factors of j(7)?
5, 11
List the prime factors of 2 + 536/3 - (-3)/9.
181
Suppose d = 3*d - 9*d. Let h(k) = k + k + 10 - k**2 + 0. What are the prime factors of h(d)?
2, 5
Let c = -348 - -1085. List the prime factors of c.
11, 67
Let q be (-8)/(-32) - 49/4. List the prime factors of (2 + -3)/(6/q).
2
Suppose -876 = -5*g + 534. What are the prime factors of g?
2, 3, 47
Let n = -481 + 595. What are the prime factors of n?
2, 3, 19
Let l = 419 + -194. Suppose 0*u + 2*u + 5*y = 175, -l = -2*u + 5*y. List the prime factors of u.
2, 5
Let v(r) = r**3 + 9*r**2 + 9*r + 1. Let u = 54 + -38. Let f = u + -23. List the prime factors of v(f).
2, 3
Suppose 21*h + 122577 = 60*h. List the prime factors of h.
7, 449
Let u = 10 + 28. Let o = u - 23. What are the prime factors of o?
3, 5
Let q be 0 + (-3)/6*-8. List the prime factors of (-8)/(-6)*6/q.
2
Let j(u) = u**2 + 23*u + 25. Let a be j(-22). Suppose a*z + 632 = 6*z - 4*y, 0 = z + 2*y - 204. List the prime factors of z.
2, 13
Let b be 1*6/(0 - 6/(-4)). Suppose b*j - 479 = 1. What are the prime factors of j?
2, 3, 5
Let y = -686 - -1577. List the prime factors of y.
3, 11
Let v(z) = -z - 5. Let l be v(-5). Let q = -3 + l. List the prime factors of (-21)/q - (-3)/1.
2, 5
Suppose 6*r + 5696 = 22*r. What are the prime factors of r?
2, 89
Suppose -a + 5*a = 4*f + 456, 4*f - 134 = -a. List the prime factors of a.
2, 59
Let f(j) = 4*j**3 + 3. Let q be f(-3). Let c = 156 + q. What are the prime factors of c?
3, 17
Let a = -380 + 577. Let u = a + -129. List the prime factors of u.
2, 17
Suppose -3*g - 5*o + 984 + 1746 = 0, -3*g = -2*o - 2709. List the prime factors of g.
5, 181
Let c(k) = 0*k - 5 - k + 4. Let z be c(-4). Suppose -v = z*v - 100. What are the prime factors of v?
5
Suppose -62*r + 10 = -57*r. Suppose 4*p - 5*c - 145 = 0, -r*p = 3*p + 5*c - 215. List the prime factors of p.
2, 5
Let d = -317 + 543. List the prime factors of d.
2, 113
Suppose 622 = 4*m + 162. Let k = 17 - m. Let i = k + 151. What are the prime factors of i?
53
Suppose 4*v + 4*c = -4, 0 = -3*v - 5*c + c - 6. Suppose 0 = -5*y - v*d + 575, y + 3*y - 460 = -5*d. What are the prime factors of y?
5, 23
Let n(p) = 7*p**2 - 31*p - 104. List the prime factors of n(19).
2, 7, 131
Suppose -4*i + 3761 = -4395. What are the prime factors of i?
2039
Let p(w) = -17 + 4 + 21*w - 3 - 57*w. What are the prime factors of p(-5)?
2, 41
Suppose -4*f + 1089 = 3*h, 11*f + 2*h = 15*f - 1114. What are the prime factors of f?
2, 3, 23
Let z be (3/2)/(1/50). Suppose -5*x + 5 + z = 0. Let p = -10 + x. List the prime factors of p.
2, 3
What are the prime factors of (-1)/(5 + 6281/(-1256))?
2, 157
Let p = -134 - -139. Suppose 4*i = p*c - 430, -c + 72 = 3*i - i. List the prime factors of c.
2, 41
Let y(j) = -j + 3. Let p be y(4). List the prime factors of p/(-4) + 525/12.
2, 11
Suppose 24 = -7*p + 94. Let t = p + 38. List the prime factors of t.
2, 3
Let o = 563 - 379. Suppose -4*b + 0*i + o = -4*i, -5*b = 5*i - 240. What are the prime factors of b?
47
Let w(z) = 15*z + 6. Let l be 1 - 3 - (-4 - 3). Let r be w(l). Suppose -2*j + x = 5*x - 46, -3*x = 3*j - r. List the prime factors of j.
31
Let h be ((-154)/(-21))/(4/(-6)). Let g be 2*3/(-2) + -40. Let v = h - g. List the prime factors of v.
2
Let l be 54 + (6/33 - (-175)/(-55)). Let w(f) = -f + 5. Let q be w(5). Suppose q*b + 2*b - r - 15 = 0, 5*b + 2*r = l. List the prime factors of b.
3
Suppose -9*t + 7*t - 5*v = -11, -4*t = v - 13. Let x(y) = 8*y**2 + 2*y. What are the prime factors of x(t)?
2, 3, 13
Suppose -10 = -4*y + 30. Let w(r) = r**3 + r**2 - 3*r + 2. Let s be w(-3). Let x = y + s. List the prime factors of x.
3
Suppose 3*b - 538 = -2*v, 0 = 13*v - 15*v + 5*b + 570. List the prime factors of v.
5, 11
Let v(l) be the third derivative of l**6/120 - l**5/4 + 5*l**4/24 - l**3/2 + 14*l**2. Let q be v(7). What are the prime factors of (10/(-6))/(15/q)?
2, 5
Suppose 0 = -o - 47 + 87. Suppose -1110 = -45*q + o*q. List the prime factors of q.
2, 3, 37
Let a(o) = -3*o**2 - 294*o - 26. What are the prime factors of a(-14)?
2, 17, 103
Let s(y) = y**3 + 9*y**2 - 11*y - 14. Let b be s(-10). What are the prime factors of (-90)/(-8) - (45/(-12) - b)?
11
Suppose 5*r + 33 + 5396 = u, 5*u - 27121 = r. What are the prime factors of u?
2, 3, 113
Suppose 4*k + 20 = 0, -9*h + k - 11020 = -14*h. List the prime factors of h.
3, 5, 7
Let j = -17 + 19. Suppose 0 = y - 3*y - 2*a + 38, -y - j*a + 16 = 0. Suppose -q + 9 = -y. List the prime factors of q.
31
Let v(w) = -w**2 + 8*w + 13. Suppose 15 - 6 = x. Let q be v(x). Suppose 0 = -0*p + p + q*j - 48, 0 = p + 3*j - 44. What are the pr